ided by q?
23
Suppose 0 = -5*m + 4*h + 38, -h = 3*m - 2*m - 13. Let c be 1414*5/m + 3. Suppose 11*q - q - c = 0. What is the remainder when q is divided by 20?
11
Let l(x) = 5*x**2 - 238*x - 71. Let z be l(48). Suppose -5*c = z, -2*s - 4*c = -6*c - 34. Calculate the remainder when s is divided by 12.
0
Suppose 0 = -30*f - 8*f - 1938. What is the remainder when 23 is divided by (-45)/f + 42/357?
0
What is the remainder when 1130 is divided by 552/5 - (-18 - 1748/(-95))?
30
Let d be (-90)/(-4)*918/(-81). Calculate the remainder when 153 is divided by (-14)/8 - d/20.
10
Let b = -581 + 2155. What is the remainder when b is divided by 67?
33
Suppose -s + 3*l = -29, 5*l + 1 + 4 = 0. Suppose 4*i = 2*i + s. Calculate the remainder when (-72)/(-216) + (0 - (-124)/6) is divided by i.
8
Suppose 19*z + 15743 = 99*z - 1457. What is the remainder when 1089 is divided by z?
14
Let x(c) = c**3 - 10*c**2 - 16*c + 275. What is the remainder when 1197 is divided by x(7)?
13
Let z be (-706)/3*396/(-24). Suppose -891 = 34*w - z. Let n = 18 - 0. Calculate the remainder when w is divided by n.
16
Let w = 20902 + -20874. What is the remainder when 727 is divided by w?
27
Let y = -254 + 2202. What is the remainder when y is divided by 15?
13
Let m(v) = v**2 - 38*v + 2. What is the remainder when 632 is divided by m(38)?
0
Let m = -673 - -3106. Calculate the remainder when m is divided by 5.
3
What is the remainder when 1292 is divided by ((-1232)/10)/(6/(-15)) - (-7)/1?
32
Let w = 24 + 5. Let c = -3136 - -3168. Let p = c + w. Calculate the remainder when p is divided by 21.
19
Let o = 80997 + -80700. Let y(c) = -5*c. What is the remainder when o is divided by y(-5)?
22
What is the remainder when 297 is divided by (1 + (-14)/8)/((-30)/1000 + 0)?
22
Let s(d) = 4*d**2 - 5*d + 44. Calculate the remainder when s(7) is divided by 27.
16
Let c = 229 + -107. Let v be 18*(-14*1/(-12) - 1). Calculate the remainder when c is divided by ((-2)/v)/(-5*(-8)/(-1860)).
29
Let t(q) = -14*q**3 + 26*q**2 + 92*q + 10. Suppose -7 = 3*p + 2*u - 4, -2*p + 2*u = -8. What is the remainder when t(-2) is divided by 135/12 + p/(-4)?
9
Suppose 0 = -4*o + k + 42, k = -3*o + 41 - 6. Let s(d) = d + 10. Calculate the remainder when 292 is divided by s(o).
19
Suppose -m = -3*m + 34. Let o = -2152 - -3080. Suppose 0 = 35*n - o - 717. Calculate the remainder when n is divided by m.
13
Let x(f) = -f**3 + 10*f**2 - 18*f + 8. Let t be x(7). What is the remainder when 82 is divided by 87/t + 1/((-3)/(-27))?
10
What is the remainder when (-148)/(-10) + (-25)/(-124 - 1) is divided by 5?
0
Let w(z) = z**3 - 10*z**2 + 20*z + 31. Let s be w(15). Suppose s = 49*b - 33*b. Calculate the remainder when b is divided by 23.
22
Let p = 2393 - 1359. Suppose 29*l - 7*l = p. Calculate the remainder when 184 is divided by l.
43
Let a(q) = 0 + 9 - 3 + 29*q. Calculate the remainder when a(5) is divided by (14/5)/((-326)/(-1630)).
11
Let a(n) = 2339*n + 11798. Let t(r) = 2*r**2 - 7*r - 7. What is the remainder when a(-5) is divided by t(6)?
11
Suppose 2*x - 113 = x. Suppose -4*p + 2*p + 109 = 5*k, 5*k - x = -4*p. Let d = 88979 + -88813. What is the remainder when d is divided by k?
19
Let o(s) = s**3 - 16*s**2 - 17*s + 15. Suppose 5*g - 2*d = -387, -g - 95 = -2*d + 6*d. Let p = 134 + g. What is the remainder when p is divided by o(17)?
10
Let h(f) = -f**2 - 54*f + 5481. What is the remainder when 282 is divided by h(51)?
30
Suppose 3*l = 5*c - 1207, 972 = 4*c - 5*l + l. Calculate the remainder when 974 is divided by c.
18
Let r(j) = -44*j + 581. Calculate the remainder when r(13) is divided by (-3)/(-1)*7/21.
0
Let t = 18760 - 10083. What is the remainder when t is divided by 10?
7
Let y = -3125 - -7091. What is the remainder when y is divided by 64?
62
Suppose 25*f = 38*f - 11861 - 7574. What is the remainder when f is divided by 217?
193
Let u(b) = 26*b - 27. Let h be u(24). Let d = -417 + h. What is the remainder when d is divided by 26?
24
Let v = -20 + 33. Calculate the remainder when v is divided by (-10)/60*15*(5 + -3) - -7.
1
Let y(l) = -l**3 + 10*l**2 + 3*l - 25. Let s be (-3)/(6*3/(-60)). Let u be y(s). Suppose u = -4*w + 49. Calculate the remainder when 43 is divided by w.
10
Suppose -17*d + 12*d + 47867 = -9*s, -2*d = 2*s - 19158. Calculate the remainder when d is divided by 20.
17
Suppose 17*i - 210 = -6. What is the remainder when 547 is divided by i?
7
Suppose -12820 = -7*h - 4182. Suppose k + 217 = h. Calculate the remainder when k is divided by 17.
14
Calculate the remainder when (-287355)/(-735) + (-10)/(-245) is divided by 56.
55
What is the remainder when (1278/710)/((-3)/(-9055)) is divided by 24?
9
Let d(w) = 10*w**2 - 42*w + 21. Let n be d(10). Let a = -583 + n. What is the remainder when a is divided by 4?
2
Let r(o) = o**2 + 221*o - 8610. Calculate the remainder when 2896 is divided by r(34).
16
Let z(b) = -5*b**3 + 34*b**2 + 8*b + 21. Suppose -5*f + 84 + 421 = 0. What is the remainder when f is divided by z(7)?
17
Suppose 0 = -2*t + 3*f + 2*f - 135, -f = 4*t + 237. Let n = -13 - t. Suppose -25 = -o - 13. Calculate the remainder when n is divided by o.
11
Suppose 141 = 3*j + 4*i, 19 = 4*i - 5. What is the remainder when 69 is divided by j?
30
What is the remainder when (-56448)/(-135) + 3*4/(-90) is divided by 106?
100
Let l be (2/(20/(-6)))/((-2)/10). Suppose s = 5*j + 30, -21 = -5*s + l*j + 41. What is the remainder when (-1)/(-4) + (-1550)/(-40) is divided by s?
9
Suppose b - 5*w - 24 = 19, 2*b - 62 = 4*w. Suppose 181*h - 120*h + 5907 = 94*h. What is the remainder when h is divided by b?
18
Suppose -53*u - 50*u - 36*u = -38503. What is the remainder when 8857 is divided by u?
270
Let w be 10*((-65)/25 - -3). Let k be (w/6)/(2/9). Suppose -26 = -2*r - k*r + 2*q, 0 = -r - 3*q - 5. What is the remainder when 5 is divided by r?
1
Calculate the remainder when 367 is divided by (0 + -15)*(-36)/27.
7
Let j(b) be the second derivative of b**4/12 - 2*b**3 + 5*b**2/2 - 41*b. Let k be j(12). Suppose 70 = k*r - 0*r. What is the remainder when 137 is divided by r?
11
What is the remainder when (-10740)/(-48)*5/((-150)/(-48)) is divided by 48?
22
Suppose 5*q - 128 = 4*p, 10*q + 43 = 11*q + 5*p. Calculate the remainder when q is divided by 11.
6
Let k(m) = m**3 + 12*m**2 - 42*m - 473. What is the remainder when k(-10) is divided by 58?
31
Suppose 5*v = -y + 254, 0 = 2*y - 3 - 5. Suppose -15 = -m + 11. Let u = -12 + m. What is the remainder when v is divided by u?
8
Let u(n) = 2*n**2 - n - 41. Let b be u(5). Suppose -180 = -b*z - 5*s, 3*z - s = -3*s + 142. What is the remainder when z is divided by 19?
12
Let k(l) = -3 + 0 - l - 1 + 2*l**2 - 2. Let a be k(-2). Suppose -28 = a*b - 92. Calculate the remainder when 31 is divided by b.
15
Suppose -8*y - 3*z = -4*y - 227, 133 = 2*y - 5*z. Suppose 7 = j - 4. Suppose -50 = 6*l - j*l. Calculate the remainder when y is divided by l.
9
Calculate the remainder when (((-33)/4)/(-11))/(2/376) is divided by 57/38*8/3 - -5.
6
Suppose 5*w = 6*w - 4. Suppose -w*p + 359 = -753. Suppose 5*r = 347 + p. Calculate the remainder when r is divided by 21.
20
Let k = 203 - 163. Suppose 2*b + 4*z = k, 4*z - 30 = -4*b + 50. Calculate the remainder when 56 is divided by b.
16
Let a = 409 + -406. Suppose -v + a*m = -6, v - 5*m = -4*v + 40. What is the remainder when 29 is divided by v?
2
Let y(z) = 2*z**2 + 3*z - 18. Let f(n) = n**3 - 13*n**2 + 4*n - 60. Let t be f(13). Calculate the remainder when y(t) is divided by 18.
14
Suppose 319 + 17 = 7*d. Suppose f - 2*l = d, -6*f + 3*l = -f - 268. Calculate the remainder when 166 is divided by f.
54
Suppose d - 28 = -0*d. Suppose -413 + 51 = -2*q + 84. What is the remainder when q is divided by d?
27
Suppose 5*a = 3*a + 88. Suppose -4*v + 162 = 2*x, 5*x - 260 = -5*v + 160. Let y = x - a. What is the remainder when y is divided by 11?
10
Let p(g) = g**2 - 114*g + 2041. Suppose 2*y - 59 = 61. Suppose -4*z = -3*r - r - y, 0 = -4*z - 4*r + 20. Calculate the remainder when p(22) is divided by z.
7
Suppose 891*f - 192 = 887*f + 2*b, 141 = 3*f - 2*b. Calculate the remainder when 558 is divided by f.
48
Let n = 1231 - 1139. What is the remainder when n is divided by 26?
14
Suppose 4*g - 4 = 8. Suppose 4*j + 79*c = 84*c + 62, -47 = j + 5*c. Calculate the 